5*u - c = u. Is 3/u - 6882/(-36) a composite number?
False
Let x be 8*(-5)/10 - -17. Suppose x*v = 6*v + 12873. Is v a prime number?
False
Let d be ((-100)/6 + -3)*-42. Suppose 5*w - 518 = -3*k - 0*w, 5*k - w = d. Suppose 2*m - 277 = a + k, 0 = 3*m + 4*a - 681. Is m a composite number?
False
Let t(s) = s**2 + 10*s - 22. Let h(r) = -2*r**2 - 21*r + 45. Let f(k) = -2*h(k) - 5*t(k). Let j be f(-10). Is j/1 + (-953)/(-1) prime?
True
Let d(y) = -4*y**2 + y + 4. Let i be d(-2). Let s = 4 + i. Is 2 + 0 + 43 + s composite?
True
Suppose -6*j + 2261 = j. Is j/2 - 20/40 a prime number?
False
Suppose -16 + 4 = -2*j. Let w be ((-28)/5)/(j/(-105)). Suppose 234 = 4*v - w. Is v composite?
False
Let h(o) = 336*o - 29. Is h(7) prime?
False
Is (-7877604)/(-156) + (-36)/78 prime?
True
Let t be (-86)/(-30) - (-10)/75. Let d = 503 - 272. Suppose 0 = k + 2*z + z - 60, t*z - d = -4*k. Is k a prime number?
False
Suppose -m + 3*b = 1, 4*m - 4*b - 4 - 16 = 0. Is (-1226)/m*(13 - 17) composite?
False
Let j(f) = 26*f - 17. Let m be ((12/9)/4)/((-1)/(-24)). Is j(m) a composite number?
False
Let s(r) = 2*r - 9. Let h be s(7). Suppose -2*j = 4*i - 2, -1 = -4*i + 4*j - h. Suppose 0*u - 3*u + 159 = i. Is u a composite number?
False
Suppose 0 = 4*j + 5*t - 10, 0 = -3*j - 0*j + 5*t + 25. Suppose -j*l + 35 = -4*l. Is l a prime number?
False
Let y be 8/(-10)*(-14780)/8. Let h = 2521 - y. Is h a composite number?
True
Let i = -126 - -269. Suppose 0 = d + i - 483. Let a = -117 + d. Is a a composite number?
False
Suppose p - 2*q - 1984 + 253 = 0, 3*q + 8669 = 5*p. Let v = -174 + p. Is v prime?
False
Let l(u) be the third derivative of -u**6/120 + 7*u**4/24 + 7*u**3/6 - u**2. Is l(-9) a composite number?
False
Let p(g) = 2*g**2 + 9*g + 1. Let u = 9 + -11. Let w = -8 - u. Is p(w) prime?
True
Suppose g - 3*k = -22, -54 = 4*g - 2*k + 24. Let d = g + 21. Suppose 0 = 3*v, 0*i + 3*i + d*v = 633. Is i a prime number?
True
Let i = -16 - -16. Suppose -7*z + 15187 + 1081 = i. Suppose 4*r + z = 8*r. Is r a composite number?
True
Is (-22)/(-209) + 112/19 - -11787 a composite number?
True
Let r = 27 - 25. Suppose 56 - 6 = r*h. Suppose 23 = f - l + 3*l, -5*l = h. Is f a composite number?
True
Suppose 4 = -0*h + h. Let m(b) = 16*b**3 + 8*b**2 - 9*b - 1. Is m(h) a prime number?
False
Let x = -503 - -1290. Is x a prime number?
True
Is (650/(-200))/(3/(-50124)) composite?
True
Let l(h) = 17*h**3 - 14*h**2 + 6*h - 12. Let u be l(9). Suppose 7*b - u = 2118. Suppose 4*q - 71 - b = 0. Is q a composite number?
True
Suppose -7*g - 2047 = -26078. Is g composite?
False
Is (-13 - -14)/(3 + -2) + 5188 prime?
True
Let h be (585/52)/((-1)/(-4)). Suppose 7*s - 5 = 3*s - 3*l, 5*l = 4*s - h. Suppose 1045 = -0*k + s*k. Is k a composite number?
True
Is (0 + -4314)*(-61)/122 composite?
True
Let o(b) = 2*b - 7*b + 16 - 2 - 9*b**2 + 2*b**3. Let v be o(8). Suppose 3*a - a = v. Is a composite?
False
Let b be 2 + -28*(-28)/(-8). Let v be (-3)/(-1) - (b - 6). Suppose -2*t = 3*t - v. Is t composite?
True
Is -5*(78/(-15) - -6) - -3461 a prime number?
True
Let b = 706 + -455. Suppose 5*a + 2*y - 2957 = 0, -2*y = a - 342 - b. Is a a composite number?
True
Let g(a) = a**2 + 14*a - 22. Let s = -35 + 44. Is g(s) prime?
False
Let s(f) = 225*f - 1109. Is s(10) a composite number?
True
Suppose 19*o - 214416 = 307685. Is o prime?
True
Suppose -a - 163 = 213. Let m = -45 - -39. Is m/(4/a*4) a composite number?
True
Let s(h) = 51*h + 197. Is s(20) a composite number?
False
Suppose u = -c + 1027, 0 = 3*c + 2*u - u - 3071. Suppose -3*a - 3*l + 3012 = 0, a - c = -5*l + 10*l. Is a a prime number?
False
Let h(m) be the first derivative of -m**4/4 + 10*m**3/3 + 4*m**2 - 10*m + 42. Is h(5) composite?
True
Let a(n) = n - 3. Let u be a(6). Suppose 5*s + 4*x = 3415, 2*s + 7*x = u*x + 1366. Is s a composite number?
False
Let c(n) = 4*n**2 + 4*n + 11. Let f(a) = 4*a - 6. Let h(y) = -5*y + 6. Let p(k) = -7*f(k) - 6*h(k). Let q be p(-7). Is c(q) a prime number?
False
Suppose 0 = 2*l - 4*l - 150. Let a = -44 - l. Suppose -201 = -34*o + a*o. Is o prime?
True
Let n be (1*(-3 - 1402/(-2)))/2. Is (n + 7)*26/8 composite?
True
Let h(j) = -3*j**3 - 49*j**2 - 28*j - 34. Is h(-16) prime?
False
Is 3/7 - 126324/(-126) a composite number?
True
Let g = 1964 - 834. Let c = 3103 - g. Is c a composite number?
False
Suppose 0 = 4*k - 20, 1 = t + 2*k - 10. Is 36/9 + -2 + t a composite number?
False
Suppose 0 = -2*a + 3*z + 3, -1 = -4*z + 5*z. Suppose 0*v + 2*v - 2122 = a. Is v a prime number?
True
Suppose 0 = 14*b - 14121 - 2511. Suppose -b - 1307 = -5*v. Is v a composite number?
False
Let y(k) = 2*k**2 - 4*k - 13. Let i(x) = -x**2 - 10*x + 11. Let g be i(-10). Is y(g) prime?
False
Let p(k) = 18*k**3 - 3*k**2 + 3*k - 1. Let f be (2 - 32/12)/((-2)/9). Is p(f) prime?
True
Let o(d) = 6*d**3 - 5*d**2 + 4*d - 6*d + d**3. Let m(p) = -7*p**3 + 4*p**2 + p + 1. Let w(q) = -3*m(q) - 2*o(q). Is w(2) prime?
True
Let f be (0 - -6)*295/(-10). Let s = 346 + f. Is s prime?
False
Let j = 53 - 142. Let w = 731 - j. Let r = w - 441. Is r composite?
False
Let q = 2614 + 1179. Is q a composite number?
False
Let j(z) = -1075*z + 17. Let d(i) = -537*i + 8. Let f(s) = -7*d(s) + 3*j(s). Is f(6) prime?
False
Let u be 4 + -1 + 1*-1. Let s(d) = -63*d - 4. Let y(i) = -189*i - 9. Let p(h) = 8*s(h) - 3*y(h). Is p(u) prime?
False
Suppose 0 = 3*h - 12, -2*h + 34 + 2 = -4*o. Let d(y) = -2*y - 16. Let n be d(o). Let a(s) = -44*s + 3. Is a(n) a prime number?
False
Let p be 3 + ((-5374)/(-10) - 2/5). Suppose 0 = 3*o - p - 267. Is o a prime number?
True
Let w = -1969 + 4282. Suppose 3*v = 6*v - w. Suppose -v = x - 4*x. Is x composite?
False
Let h be (-432)/20 - (-4)/(-10). Let n = h + 22. Is 1 + -3 + n - -39 a prime number?
True
Let t be (-968)/(-7) - 10/35. Let j = t - -739. Is j a composite number?
False
Suppose 0 = 360*t - 339*t - 367689. Is t a composite number?
False
Is 14074/(-4)*2/(2 - 3) prime?
False
Let o = -14 - -18. Suppose r - o*c - 10 = -2*r, -4*c - 20 = 2*r. Is r - 4/(8/(-426)) a composite number?
False
Let b be (-2)/1 - (-16)/2. Suppose b*y - 479 = 5*y. Is y a prime number?
True
Let r(h) = 6*h - 1. Let i = -14 + 12. Let j be r(i). Is (-93 + j)/(4/(-6)) a composite number?
True
Let v(k) be the second derivative of 47*k**4/12 - 2*k**3/3 + 4*k**2 + 25*k. Is v(5) a prime number?
True
Let z be 3 - (3 + 1 - -1). Let l be (-592)/z - 0/4. Suppose -l = -4*v - 28. Is v a composite number?
False
Let u be (-1 + 5)*-1 - -2. Is (-53304)/(-168) + u/7 a composite number?
False
Let u(v) be the first derivative of v**3 + 16*v - 1. Let s(c) = c**2 - 3*c - 25. Let o be s(6). Is u(o) a prime number?
True
Let r(f) = -f + 16. Let j be r(14). Let n(q) = -q**j - 2*q - 2*q**3 + 3*q**3 - 5*q**2 - 1. Is n(7) a prime number?
False
Let y = 6591 + -4678. Let i = y + -962. Is i a composite number?
True
Let y = 186 + -419. Is -1 + 1 - (y + 10) a composite number?
False
Suppose 62*q = 69*q - 11963. Is q prime?
True
Let y = 13538 - 9565. Is y composite?
True
Let m = 5709 + -490. Is m composite?
True
Suppose 5*r - a - 18241 = 0, -r + 1312 + 2329 = -2*a. Is r a prime number?
False
Suppose -v = 2*v. Suppose 4*y + y - 1005 = -2*i, v = 5*y + 5. Is i composite?
True
Suppose 20*g + 1392 = 22*g. Let r = -361 + g. Is r a composite number?
True
Let v(n) = n**2 + 1. Let z(s) = 7*s**2 + 6*s + 3. Let y(b) = -6*v(b) + z(b). Let h be y(-7). Is (-765)/(-6) - h/8 a prime number?
True
Let x(y) = 9622*y + 17. Is x(3) a composite number?
True
Let t = -15719 + 22780. Is t a prime number?
False
Let h(j) = 1 + 176*j**2 + 2*j + 190*j**2 + 156*j**2 + 2. Is h(-1) prime?
True
Let w(y) = 619*y**2 - y. Let s be w(-1). Let b be ((-8)/(-20))/(1/s). Suppose -4*t - 2*x + b = -312, -t + 141 = x. Is t a prime number?
True
Is (1 + -3)*2069/(-2) prime?
True
Suppose 2*y - 34 = -3*d, -4*d + 48 = 4*y - 2*y. Let t be (-4)/d - (-2)/7. Is (38 - 4)/(1 - t) prime?
False
Let q = -68 - -70. Suppose q*y = 4*u - 12920, u + 5*y - 2*y = 3223. Is u prime?
True
Suppose 26*z = 6703 + 23223. Is z composite?
False
Let v(c) = -19*c**3 + c**2 - 13*c - 20. Is v(-7) a composite number?
False
Suppose -2*z - 4 = -0*w - 2*w, -3*z = 4*w - 43. Suppose w*u = 8*u - 3. Suppose 2*f + u*f = -d + 1650, -1007 = -3*f - 4*d. Is f a composite number?
True
Is 27/(-24) + 2/16 + 10400 prime?
True
Let